{"id":512,"date":"2020-04-01T05:28:01","date_gmt":"2020-04-01T05:28:01","guid":{"rendered":"https:\/\/lifeline2.webinane.com\/?page_id=512"},"modified":"2026-03-26T22:35:44","modified_gmt":"2026-03-26T22:35:44","slug":"lassociation-lecoeurdeunesoeur","status":"publish","type":"page","link":"https:\/\/www.lecoeurdunesoeur.com\/index.php\/lassociation-lecoeurdeunesoeur\/","title":{"rendered":"L&#8217;association"},"content":{"rendered":"<div class=\"wpb-content-wrapper\"><p>[vc_row container=&#8221;on&#8221; uniqid=&#8221;lifeline2-5ee9f87bbb69e&#8221; res_css=&#8221;padding_top_desktop_ddt:80|padding_bottom_desktop_ddt:25|border_color_desktop_ddt:%23f9f9f9|background_color_desktop_ddt:%23f9f9f9|padding_top_mobile_mdt:60&#8243; container_padding=&#8221;on&#8221;][vc_column uniqid=&#8221;lifeline2-5e91a9405794b&#8221;][lifeline2_heading style=&#8221;sec-title mb-40 w-100&#8243; align=&#8221;text-center&#8221; title=&#8221;L&#8217;association&#8221; subtitle=&#8221;Le coeur d&#8217;une soeur, notre histoire et nos valeurs&#8221; title2=&#8221;Volunteers&#8221;][vc_column_text css=&#8221;&#8221;]<\/p>\n<h2 data-start=\"181\" data-end=\"202\"><strong data-start=\"184\" data-end=\"202\">Notre histoire<\/strong><\/h2>\n<p data-start=\"204\" data-end=\"484\">Fond\u00e9e le 2 ao\u00fbt 2022 \u00e0 Pointe-Noire, l\u2019association <strong data-start=\"256\" data-end=\"278\">Le C\u0153ur d\u2019une s\u0153ur<\/strong> est n\u00e9e d\u2019une volont\u00e9 forte : am\u00e9liorer durablement les conditions de vie des jeunes femmes congolaises, en particulier celles confront\u00e9es \u00e0 l\u2019isolement et \u00e0 la pr\u00e9carit\u00e9, notamment les m\u00e8res c\u00e9libataires.<\/p>\n<p data-start=\"486\" data-end=\"645\">D\u00e8s les premi\u00e8res rencontres organis\u00e9es avec des b\u00e9n\u00e9ficiaires venues chercher soutien et accompagnement, trois probl\u00e9matiques majeures ont rapidement \u00e9merg\u00e9 :<\/p>\n<ul data-start=\"647\" data-end=\"780\">\n<li data-start=\"647\" data-end=\"679\">\n<p data-start=\"649\" data-end=\"679\">les grossesses non d\u00e9sir\u00e9es,<\/p>\n<\/li>\n<li data-start=\"680\" data-end=\"709\">\n<p data-start=\"682\" data-end=\"709\">l\u2019ins\u00e9curit\u00e9 alimentaire,<\/p>\n<\/li>\n<li data-start=\"710\" data-end=\"780\">\n<p data-start=\"712\" data-end=\"780\">le manque d\u2019acc\u00e8s \u00e0 des protections hygi\u00e9niques s\u00fbres et de qualit\u00e9.<\/p>\n<\/li>\n<\/ul>\n<p data-start=\"782\" data-end=\"1152\">Ces constats ont \u00e9t\u00e9 renforc\u00e9s par une r\u00e9alit\u00e9 pr\u00e9occupante : la commercialisation, sur certains march\u00e9s, de serviettes hygi\u00e9niques et de couches pour b\u00e9b\u00e9s ne r\u00e9pondant \u00e0 aucun contr\u00f4le sanitaire. Face \u00e0 ces risques pour la sant\u00e9 des femmes et des enfants, l\u2019association a choisi d\u2019agir concr\u00e8tement en mettant en place des actions de sensibilisation et d\u2019aide directe.<\/p>\n<h2 data-start=\"1159\" data-end=\"1179\"><strong data-start=\"1162\" data-end=\"1179\">Notre mission<\/strong><\/h2>\n<p data-start=\"1181\" data-end=\"1464\">Apporter une aide concr\u00e8te, respectueuse et durable aux femmes congolaises en situation de vuln\u00e9rabilit\u00e9, en facilitant leur acc\u00e8s \u00e0 l\u2019hygi\u00e8ne menstruelle, \u00e0 l\u2019information en mati\u00e8re de sant\u00e9 reproductive et \u00e0 un accompagnement global favorisant leur autonomie sociale et \u00e9conomique.<\/p>\n<hr data-start=\"1466\" data-end=\"1469\" \/>\n<h2 data-start=\"1471\" data-end=\"1489\"><strong data-start=\"1474\" data-end=\"1489\">Nos valeurs<\/strong><\/h2>\n<ul data-start=\"1491\" data-end=\"1840\">\n<li data-start=\"1491\" data-end=\"1591\">\n<p data-start=\"1493\" data-end=\"1591\"><strong data-start=\"1493\" data-end=\"1504\">Dignit\u00e9<\/strong> : chaque femme doit pouvoir acc\u00e9der \u00e0 des protections hygi\u00e9niques s\u00fbres et adapt\u00e9es.<\/p>\n<\/li>\n<li data-start=\"1592\" data-end=\"1682\">\n<p data-start=\"1594\" data-end=\"1682\"><strong data-start=\"1594\" data-end=\"1612\">\u00c9quit\u00e9 sociale<\/strong> : r\u00e9duire les in\u00e9galit\u00e9s li\u00e9es \u00e0 l\u2019acc\u00e8s \u00e0 l\u2019hygi\u00e8ne et \u00e0 la sant\u00e9.<\/p>\n<\/li>\n<li data-start=\"1683\" data-end=\"1756\">\n<p data-start=\"1685\" data-end=\"1756\"><strong data-start=\"1685\" data-end=\"1698\">\u00c9ducation<\/strong> : sensibiliser pour permettre des changements durables.<\/p>\n<\/li>\n<li data-start=\"1757\" data-end=\"1840\">\n<p data-start=\"1759\" data-end=\"1840\"><strong data-start=\"1759\" data-end=\"1773\">Solidarit\u00e9<\/strong> : renforcer l\u2019entraide et cr\u00e9er un r\u00e9seau de soutien entre femmes.<\/p>\n<\/li>\n<\/ul>\n<p>[\/vc_column_text][lifeline2_volunteers team_style=&#8221;default&#8221; cols=&#8221;3&#8243; orders=&#8221;ASC&#8221; num=&#8221;4&#8243; rtl=&#8221;&#8221; slider_res_device=&#8221;%5B%7B%22device%22%3A%22850%22%2C%22slidesToShow%22%3A%222%22%2C%22slidesToScroll%22%3A%221%22%2C%22infinite%22%3A%22true%22%2C%22autoplay%22%3A%22true%22%2C%22swipe%22%3A%22true%22%2C%22swipeToSlide%22%3A%22true%22%2C%22touchMove%22%3A%22true%22%7D%2C%7B%22device%22%3A%22480%22%2C%22slidesToShow%22%3A%221%22%2C%22slidesToScroll%22%3A%221%22%2C%22infinite%22%3A%22true%22%2C%22autoplay%22%3A%22true%22%2C%22swipe%22%3A%22true%22%2C%22swipeToSlide%22%3A%22true%22%2C%22touchMove%22%3A%22true%22%7D%5D&#8221; res_slider=&#8221;on&#8221; arrows=&#8221;&#8221; fade=&#8221;&#8221;][\/vc_column][\/vc_row]<\/p>\n<\/div>","protected":false},"excerpt":{"rendered":"<p>[vc_row container=&#8221;on&#8221; uniqid=&#8221;lifeline2-5ee9f87bbb69e&#8221; res_css=&#8221;padding_top_desktop_ddt:80|padding_bottom_desktop_ddt:25|border_color_desktop_ddt:%23f9f9f9|background_color_desktop_ddt:%23f9f9f9|padding_top_mobile_mdt:60&#8243; container_padding=&#8221;on&#8221;][vc_column uniqid=&#8221;lifeline2-5e91a9405794b&#8221;][lifeline2_heading style=&#8221;sec-title mb-40 w-100&#8243; align=&#8221;text-center&#8221; title=&#8221;L&#8217;association&#8221; subtitle=&#8221;Le coeur d&#8217;une soeur, notre histoire et nos valeurs&#8221; title2=&#8221;Volunteers&#8221;][vc_column_text css=&#8221;&#8221;] Notre histoire Fond\u00e9e le 2 ao\u00fbt 2022 \u00e0 Pointe-Noire, l\u2019association Le C\u0153ur d\u2019une s\u0153ur est n\u00e9e d\u2019une volont\u00e9 forte : am\u00e9liorer durablement les conditions de vie des jeunes femmes congolaises, en particulier celles [&hellip;]<\/p>\n","protected":false},"author":1,"featured_media":0,"parent":0,"menu_order":0,"comment_status":"closed","ping_status":"closed","template":"template-vc.php","meta":{"_crdt_document":"","footnotes":""},"class_list":["post-512","page","type-page","status-publish","hentry"],"yoast_head":"<!-- This site is optimized with the Yoast SEO plugin v27.2 - https:\/\/yoast.com\/product\/yoast-seo-wordpress\/ -->\n<title>L&#039;association - Le Coeur d&#039;Une Soeur<\/title>\n<meta name=\"robots\" content=\"index, follow, max-snippet:-1, max-image-preview:large, max-video-preview:-1\" \/>\n<link rel=\"canonical\" href=\"https:\/\/www.lecoeurdunesoeur.com\/index.php\/lassociation-lecoeurdeunesoeur\/\" \/>\n<meta property=\"og:locale\" content=\"fr_FR\" \/>\n<meta property=\"og:type\" content=\"article\" \/>\n<meta property=\"og:title\" content=\"L&#039;association - Le Coeur d&#039;Une Soeur\" \/>\n<meta property=\"og:description\" content=\"[vc_row container=&#8221;on&#8221; uniqid=&#8221;lifeline2-5ee9f87bbb69e&#8221; res_css=&#8221;padding_top_desktop_ddt:80|padding_bottom_desktop_ddt:25|border_color_desktop_ddt:%23f9f9f9|background_color_desktop_ddt:%23f9f9f9|padding_top_mobile_mdt:60&#8243; container_padding=&#8221;on&#8221;][vc_column uniqid=&#8221;lifeline2-5e91a9405794b&#8221;][lifeline2_heading style=&#8221;sec-title mb-40 w-100&#8243; align=&#8221;text-center&#8221; title=&#8221;L&#8217;association&#8221; subtitle=&#8221;Le coeur d&#8217;une soeur, notre histoire et nos valeurs&#8221; title2=&#8221;Volunteers&#8221;][vc_column_text css=&#8221;&#8221;] Notre histoire Fond\u00e9e le 2 ao\u00fbt 2022 \u00e0 Pointe-Noire, l\u2019association Le C\u0153ur d\u2019une s\u0153ur est n\u00e9e d\u2019une volont\u00e9 forte : am\u00e9liorer durablement les conditions de vie des jeunes femmes congolaises, en particulier celles [&hellip;]\" \/>\n<meta property=\"og:url\" content=\"https:\/\/www.lecoeurdunesoeur.com\/index.php\/lassociation-lecoeurdeunesoeur\/\" \/>\n<meta property=\"og:site_name\" content=\"Le Coeur d&#039;Une Soeur\" \/>\n<meta property=\"article:modified_time\" content=\"2026-03-26T22:35:44+00:00\" \/>\n<meta name=\"twitter:card\" content=\"summary_large_image\" \/>\n<meta name=\"twitter:label1\" content=\"Dur\u00e9e de lecture estim\u00e9e\" \/>\n\t<meta name=\"twitter:data1\" content=\"2 minutes\" \/>\n<script type=\"application\/ld+json\" class=\"yoast-schema-graph\">{\"@context\":\"https:\/\/schema.org\",\"@graph\":[{\"@type\":\"WebPage\",\"@id\":\"https:\/\/www.lecoeurdunesoeur.com\/index.php\/lassociation-lecoeurdeunesoeur\/\",\"url\":\"https:\/\/www.lecoeurdunesoeur.com\/index.php\/lassociation-lecoeurdeunesoeur\/\",\"name\":\"L'association - Le Coeur d&#039;Une Soeur\",\"isPartOf\":{\"@id\":\"https:\/\/www.lecoeurdunesoeur.com\/#website\"},\"datePublished\":\"2020-04-01T05:28:01+00:00\",\"dateModified\":\"2026-03-26T22:35:44+00:00\",\"breadcrumb\":{\"@id\":\"https:\/\/www.lecoeurdunesoeur.com\/index.php\/lassociation-lecoeurdeunesoeur\/#breadcrumb\"},\"inLanguage\":\"fr-FR\",\"potentialAction\":[{\"@type\":\"ReadAction\",\"target\":[\"https:\/\/www.lecoeurdunesoeur.com\/index.php\/lassociation-lecoeurdeunesoeur\/\"]}]},{\"@type\":\"BreadcrumbList\",\"@id\":\"https:\/\/www.lecoeurdunesoeur.com\/index.php\/lassociation-lecoeurdeunesoeur\/#breadcrumb\",\"itemListElement\":[{\"@type\":\"ListItem\",\"position\":1,\"name\":\"Accueil\",\"item\":\"https:\/\/www.lecoeurdunesoeur.com\/\"},{\"@type\":\"ListItem\",\"position\":2,\"name\":\"L&#8217;association\"}]},{\"@type\":\"WebSite\",\"@id\":\"https:\/\/www.lecoeurdunesoeur.com\/#website\",\"url\":\"https:\/\/www.lecoeurdunesoeur.com\/\",\"name\":\"Le Coeur d&#039;Une Soeur\",\"description\":\"\",\"publisher\":{\"@id\":\"https:\/\/www.lecoeurdunesoeur.com\/#organization\"},\"potentialAction\":[{\"@type\":\"SearchAction\",\"target\":{\"@type\":\"EntryPoint\",\"urlTemplate\":\"https:\/\/www.lecoeurdunesoeur.com\/?s={search_term_string}\"},\"query-input\":{\"@type\":\"PropertyValueSpecification\",\"valueRequired\":true,\"valueName\":\"search_term_string\"}}],\"inLanguage\":\"fr-FR\"},{\"@type\":\"Organization\",\"@id\":\"https:\/\/www.lecoeurdunesoeur.com\/#organization\",\"name\":\"Le Coeur d&#039;Une Soeur\",\"url\":\"https:\/\/www.lecoeurdunesoeur.com\/\",\"logo\":{\"@type\":\"ImageObject\",\"inLanguage\":\"fr-FR\",\"@id\":\"https:\/\/www.lecoeurdunesoeur.com\/#\/schema\/logo\/image\/\",\"url\":\"https:\/\/www.lecoeurdunesoeur.com\/wp-content\/uploads\/2026\/03\/cropped-Logo-association-le-coeur-dune-soeur.png\",\"contentUrl\":\"https:\/\/www.lecoeurdunesoeur.com\/wp-content\/uploads\/2026\/03\/cropped-Logo-association-le-coeur-dune-soeur.png\",\"width\":200,\"height\":200,\"caption\":\"Le Coeur d&#039;Une Soeur\"},\"image\":{\"@id\":\"https:\/\/www.lecoeurdunesoeur.com\/#\/schema\/logo\/image\/\"}}]}<\/script>\n<!-- \/ Yoast SEO plugin. -->","yoast_head_json":{"title":"L'association - Le Coeur d&#039;Une Soeur","robots":{"index":"index","follow":"follow","max-snippet":"max-snippet:-1","max-image-preview":"max-image-preview:large","max-video-preview":"max-video-preview:-1"},"canonical":"https:\/\/www.lecoeurdunesoeur.com\/index.php\/lassociation-lecoeurdeunesoeur\/","og_locale":"fr_FR","og_type":"article","og_title":"L'association - Le Coeur d&#039;Une Soeur","og_description":"[vc_row container=&#8221;on&#8221; uniqid=&#8221;lifeline2-5ee9f87bbb69e&#8221; res_css=&#8221;padding_top_desktop_ddt:80|padding_bottom_desktop_ddt:25|border_color_desktop_ddt:%23f9f9f9|background_color_desktop_ddt:%23f9f9f9|padding_top_mobile_mdt:60&#8243; container_padding=&#8221;on&#8221;][vc_column uniqid=&#8221;lifeline2-5e91a9405794b&#8221;][lifeline2_heading style=&#8221;sec-title mb-40 w-100&#8243; align=&#8221;text-center&#8221; title=&#8221;L&#8217;association&#8221; subtitle=&#8221;Le coeur d&#8217;une soeur, notre histoire et nos valeurs&#8221; title2=&#8221;Volunteers&#8221;][vc_column_text css=&#8221;&#8221;] Notre histoire Fond\u00e9e le 2 ao\u00fbt 2022 \u00e0 Pointe-Noire, l\u2019association Le C\u0153ur d\u2019une s\u0153ur est n\u00e9e d\u2019une volont\u00e9 forte : am\u00e9liorer durablement les conditions de vie des jeunes femmes congolaises, en particulier celles [&hellip;]","og_url":"https:\/\/www.lecoeurdunesoeur.com\/index.php\/lassociation-lecoeurdeunesoeur\/","og_site_name":"Le Coeur d&#039;Une Soeur","article_modified_time":"2026-03-26T22:35:44+00:00","twitter_card":"summary_large_image","twitter_misc":{"Dur\u00e9e de lecture estim\u00e9e":"2 minutes"},"schema":{"@context":"https:\/\/schema.org","@graph":[{"@type":"WebPage","@id":"https:\/\/www.lecoeurdunesoeur.com\/index.php\/lassociation-lecoeurdeunesoeur\/","url":"https:\/\/www.lecoeurdunesoeur.com\/index.php\/lassociation-lecoeurdeunesoeur\/","name":"L'association - Le Coeur d&#039;Une Soeur","isPartOf":{"@id":"https:\/\/www.lecoeurdunesoeur.com\/#website"},"datePublished":"2020-04-01T05:28:01+00:00","dateModified":"2026-03-26T22:35:44+00:00","breadcrumb":{"@id":"https:\/\/www.lecoeurdunesoeur.com\/index.php\/lassociation-lecoeurdeunesoeur\/#breadcrumb"},"inLanguage":"fr-FR","potentialAction":[{"@type":"ReadAction","target":["https:\/\/www.lecoeurdunesoeur.com\/index.php\/lassociation-lecoeurdeunesoeur\/"]}]},{"@type":"BreadcrumbList","@id":"https:\/\/www.lecoeurdunesoeur.com\/index.php\/lassociation-lecoeurdeunesoeur\/#breadcrumb","itemListElement":[{"@type":"ListItem","position":1,"name":"Accueil","item":"https:\/\/www.lecoeurdunesoeur.com\/"},{"@type":"ListItem","position":2,"name":"L&#8217;association"}]},{"@type":"WebSite","@id":"https:\/\/www.lecoeurdunesoeur.com\/#website","url":"https:\/\/www.lecoeurdunesoeur.com\/","name":"Le Coeur d&#039;Une Soeur","description":"","publisher":{"@id":"https:\/\/www.lecoeurdunesoeur.com\/#organization"},"potentialAction":[{"@type":"SearchAction","target":{"@type":"EntryPoint","urlTemplate":"https:\/\/www.lecoeurdunesoeur.com\/?s={search_term_string}"},"query-input":{"@type":"PropertyValueSpecification","valueRequired":true,"valueName":"search_term_string"}}],"inLanguage":"fr-FR"},{"@type":"Organization","@id":"https:\/\/www.lecoeurdunesoeur.com\/#organization","name":"Le Coeur d&#039;Une Soeur","url":"https:\/\/www.lecoeurdunesoeur.com\/","logo":{"@type":"ImageObject","inLanguage":"fr-FR","@id":"https:\/\/www.lecoeurdunesoeur.com\/#\/schema\/logo\/image\/","url":"https:\/\/www.lecoeurdunesoeur.com\/wp-content\/uploads\/2026\/03\/cropped-Logo-association-le-coeur-dune-soeur.png","contentUrl":"https:\/\/www.lecoeurdunesoeur.com\/wp-content\/uploads\/2026\/03\/cropped-Logo-association-le-coeur-dune-soeur.png","width":200,"height":200,"caption":"Le Coeur d&#039;Une Soeur"},"image":{"@id":"https:\/\/www.lecoeurdunesoeur.com\/#\/schema\/logo\/image\/"}}]}},"_links":{"self":[{"href":"https:\/\/www.lecoeurdunesoeur.com\/index.php\/wp-json\/wp\/v2\/pages\/512","targetHints":{"allow":["GET"]}}],"collection":[{"href":"https:\/\/www.lecoeurdunesoeur.com\/index.php\/wp-json\/wp\/v2\/pages"}],"about":[{"href":"https:\/\/www.lecoeurdunesoeur.com\/index.php\/wp-json\/wp\/v2\/types\/page"}],"author":[{"embeddable":true,"href":"https:\/\/www.lecoeurdunesoeur.com\/index.php\/wp-json\/wp\/v2\/users\/1"}],"replies":[{"embeddable":true,"href":"https:\/\/www.lecoeurdunesoeur.com\/index.php\/wp-json\/wp\/v2\/comments?post=512"}],"version-history":[{"count":3,"href":"https:\/\/www.lecoeurdunesoeur.com\/index.php\/wp-json\/wp\/v2\/pages\/512\/revisions"}],"predecessor-version":[{"id":2544,"href":"https:\/\/www.lecoeurdunesoeur.com\/index.php\/wp-json\/wp\/v2\/pages\/512\/revisions\/2544"}],"wp:attachment":[{"href":"https:\/\/www.lecoeurdunesoeur.com\/index.php\/wp-json\/wp\/v2\/media?parent=512"}],"curies":[{"name":"wp","href":"https:\/\/api.w.org\/{rel}","templated":true}]}}